{"id":396,"date":"2024-04-24T10:35:39","date_gmt":"2024-04-24T08:35:39","guid":{"rendered":"https:\/\/oummapro.com\/?page_id=396"},"modified":"2024-04-24T10:55:05","modified_gmt":"2024-04-24T08:55:05","slug":"elementor-396","status":"publish","type":"page","link":"https:\/\/oummapro.com\/index.php\/elementor-396\/","title":{"rendered":"Politique de confidentialit\u00e9"},"content":{"rendered":"\t\t<div data-elementor-type=\"wp-page\" data-elementor-id=\"396\" class=\"elementor elementor-396\">\n\t\t\t\t<div class=\"elementor-element elementor-element-faa8207 e-flex e-con-boxed e-con e-parent\" data-id=\"faa8207\" data-element_type=\"container\">\n\t\t\t\t\t<div class=\"e-con-inner\">\n\t\t\t\t<div class=\"elementor-element elementor-element-8628adb elementor-widget elementor-widget-text-editor\" data-id=\"8628adb\" data-element_type=\"widget\" data-widget_type=\"text-editor.default\">\n\t\t\t\t<div class=\"elementor-widget-container\">\n\t\t\t\t\t\t\t\t\t<h1>Politique de confidentialit\u00e9<\/h1>\n<p><\/p>\n<p>Oumma Pro attache une importance capitale au respect de votre vie priv\u00e9e en prot\u00e9geant vos donn\u00e9es personnelles conform\u00e9ment \u00e0 la loi Informatique et Libert\u00e9 du 6 janvier 1978 modifi\u00e9e, et au R\u00e8glement G\u00e9n\u00e9ral sur la Protection des Donn\u00e9es du 27 avril 2016 (\u00ab&nbsp;RGPD&nbsp;\u00bb).<\/p>\n<p>Cette politique de confidentialit\u00e9 vous pr\u00e9sente les conditions dans lesquelles nous sommes amen\u00e9s \u00e0 collecter et traiter les informations que vous nous confiez sur notre site internet.<\/p>\n<h2>Qui traite vos donn\u00e9es&nbsp;? &nbsp;<\/h2>\n<p><\/p>\n<p>Le responsable de traitement de vos donn\u00e9es est Adi Avdic (ci-apr\u00e8s Oumma Pro).<\/p>\n<p><\/p>\n<p>Pour toute demande concernant la gestion de vos donn\u00e9es, vous pouvez nous contacter par e-mail \u00e0 cette adresse&nbsp;: <a href=\"mailto:contact@oummapro.com\">contact@oummapro.com<\/a><\/p>\n<p><\/p>\n<h2>Quelles Cat\u00e9gories de donn\u00e9es sont trait\u00e9es ?<\/h2>\n<p><\/p>\n<p>Nous ne collectons que les informations strictement n\u00e9cessaires au regard des finalit\u00e9s qui ont \u00e9t\u00e9 fix\u00e9es.<\/p>\n<p><\/p>\n<table width=\"614\">\n<tbody>\n<tr>\n<td width=\"316\">\n<p><strong>Identit\u00e9 <\/strong><\/p>\n<\/td>\n<td width=\"298\">\n<p>Nom et pr\u00e9nom<\/p>\n<\/td>\n<\/tr>\n<tr>\n<td width=\"316\">\n<p><strong>Coordonn\u00e9es<\/strong><\/p>\n<\/td>\n<td width=\"298\">\n<p>Adresse mail, num\u00e9ro de t\u00e9l\u00e9phone<\/p>\n<\/td>\n<\/tr>\n<tr>\n<td width=\"316\">\n<p><strong>Situation professionnelle<\/strong><\/p>\n<\/td>\n<td width=\"298\">\n<p>Profession, domaine de m\u00e9tier, nombre d\u2019ann\u00e9es d\u2019exp\u00e9rience<\/p>\n<\/td>\n<\/tr>\n<tr>\n<td width=\"316\">\n<p><strong>Formations <\/strong><\/p>\n<\/td>\n<td width=\"298\">\n<p>Dipl\u00f4me(s), certification(s), lieu d\u2019\u00e9tude<\/p>\n<\/td>\n<\/tr>\n<tr>\n<td width=\"316\">\n<p><strong>Donn\u00e9es de connexion<\/strong><\/p>\n<\/td>\n<td width=\"298\">\n<p>Adresse IP&nbsp;; horodatages (date et heure de connexion)&nbsp;; donn\u00e9es techniques relatives \u00e0 l\u2019\u00e9quipement et au navigateur utilis\u00e9 et des donn\u00e9es relatives \u00e0 la navigation<\/p>\n<p><\/p>\n<\/td>\n<\/tr>\n<\/tbody>\n<\/table>\n<h2>Pourquoi collectons-nous vos donn\u00e9es ? Et sur quels fondements juridiques reposent nos traitements&nbsp;?<\/h2>\n<p><strong>Les traitements effectu\u00e9s sur la base de votre consentement sont n\u00e9cessaires \u00e0 :<\/strong><\/p>\n<ul>\n<li>La gestion des demandes de contact<\/li>\n<li>La gestion des inscriptions permettant de mettre en relation un jeune avec un mentor selon les informations relatives \u00e0 leurs profils<\/li>\n<li>La gestion de certains cookies non-fonctionnels<\/li>\n<\/ul>\n<p><strong>Certains traitements sont aussi n\u00e9cessaires \u00e0 la poursuite de nos int\u00e9r\u00eats l\u00e9gitimes <\/strong><strong>:<\/strong><\/p>\n<ul>\n<li>L\u2019administration et de la s\u00e9curit\u00e9 du site internet : l\u2019int\u00e9r\u00eat l\u00e9gitime \u00e9tant d\u2019assurer la s\u00e9curit\u00e9 et la fonctionnalit\u00e9 de notre site internet&nbsp;;<\/li>\n<li>Les cookies d\u00e9pos\u00e9s strictement pour la fourniture d\u2019un service et ceux qui permettent ou facilitent la communication par voie \u00e9lectronique.<\/li>\n<\/ul>\n<h2>Qui a acc\u00e8s \u00e0 vos donn\u00e9es personnelles&nbsp;?<\/h2>\n<p><\/p>\n<ul>\n<li>Les b\u00e9n\u00e9voles d\u2019Oumma Pro qui sont habilit\u00e9s \u00e0 assurer le mentorat<\/li>\n<li>Les sous-traitants du responsable de traitement<\/li>\n<\/ul>\n<h2>Combien de temps conservons-nous vos donn\u00e9es&nbsp;?<\/h2>\n<p><\/p>\n<p>Oumma Pro conserve vos donn\u00e9es pendant la dur\u00e9e n\u00e9cessaire \u00e0 l\u2019accomplissement des finalit\u00e9s susmentionn\u00e9es ou pour lui permettre de r\u00e9pondre \u00e0 ses obligations l\u00e9gales.<\/p>\n<p><\/p>\n<table width=\"643\">\n<tbody>\n<tr>\n<td width=\"321\">\n<p><strong>Finalit\u00e9<\/strong><\/p>\n<\/td>\n<td width=\"321\">\n<p><strong>Dur\u00e9e de conservation<\/strong><\/p>\n<\/td>\n<\/tr>\n<tr>\n<td width=\"321\">\n<p>Gestion des demandes de contact<\/p>\n<p><\/p>\n<\/td>\n<td width=\"321\">\n<p>Pendant la dur\u00e9e n\u00e9cessaire \u00e0 la prise en charge de votre demande et au plus tard 2 ans \u00e0 compter du dernier contact avec vous<\/p>\n<\/td>\n<\/tr>\n<tr>\n<td width=\"321\">\n<p>Gestion des inscriptions (jeune et mentor)<\/p>\n<\/td>\n<td width=\"321\">\n<p>Durant la dur\u00e9e de votre inscription \u00e0 notre service<\/p>\n<\/td>\n<\/tr>\n<tr>\n<td width=\"321\">\n<p>D\u00e9p\u00f4t des cookies<\/p>\n<\/td>\n<td width=\"321\">\n<p>Voir la <a href=\"https:\/\/oummapro.com\/index.php\/politique-de-confidentialite-2\/\"><span style=\"text-decoration: underline;\">politique relative aux cookies<\/span><\/a><\/p>\n<\/td>\n<\/tr>\n<tr>\n<td width=\"321\">\n<p>Administration du site<\/p>\n<\/td>\n<td width=\"321\">6 mois<\/td>\n<\/tr>\n<\/tbody>\n<\/table>\n<h2>Vos donn\u00e9es sont-elles transf\u00e9r\u00e9es en dehors de l\u2019UE\/EEE&nbsp;?<\/h2>\n<p><\/p>\n<p>Les donn\u00e9es \u00e0 caract\u00e8re personnel collect\u00e9es via l\u2019utilisation de cookies tiers et d\u2019applications tierces sont susceptibles d\u2019entra\u00eener un transfert hors UE, notamment vers les \u00c9tats-Unis.<\/p>\n<p>Les entreprises tierces en question adh\u00e8rent au Data Privacy Framework qui est une d\u00e9cision de la Commission europ\u00e9enne attestant que les \u00c9tats-Unis assurent un niveau de protection des donn\u00e9es ad\u00e9quat.<\/p>\n<p><\/p>\n<h2>Quelles mesures sont prises pour s\u00e9curiser vos INFORMATIONS&nbsp;?<\/h2>\n<p><\/p>\n<p>Oumma Pro met en place des mesures de s\u00e9curit\u00e9 techniques et organisationnelles pour pr\u00e9server au mieux vos informations.<\/p>\n<ul>\n<li>Chaque b\u00e9n\u00e9vole s\u2019engage \u00e0 ne pas divulguer les informations \u00e0 des tiers non autoris\u00e9s et \u00e0 ne pas d\u00e9tourner les finalit\u00e9s susmentionn\u00e9es<\/li>\n<li>Le site internet b\u00e9n\u00e9ficie d\u2019une protection DDoS<\/li>\n<li>Le gestionnaire d\u2019acc\u00e8s est s\u00e9curis\u00e9<\/li>\n<li>Un syst\u00e8me de pare-feu est install\u00e9<\/li>\n<\/ul>\n<h2>Quels sont vos droits sur vos donn\u00e9es \u00c0 caract\u00e8re personnel&nbsp;?<\/h2>\n<p><\/p>\n<p>Conform\u00e9ment \u00e0 la l\u00e9gislation et la r\u00e9glementation en vigueur, vous disposez des droits suivants&nbsp;:<\/p>\n<p><\/p>\n<ul>\n<li>Le droit d\u2019acc\u00e9der \u00e0 tout moment \u00e0 vos donn\u00e9es (article 15 du RGPD)<\/li>\n<li>Le droit de rectifier, mettre \u00e0 jour ou compl\u00e9ter vos donn\u00e9es (article 16 du RGPD)<\/li>\n<li>Le droit d\u2019exiger l\u2019effacement de vos donn\u00e9es (article 17 du RGPD)<\/li>\n<li>Le droit de retirer \u00e0 tout moment votre consentement (article 13-2 c du RGPD)<\/li>\n<li>Le droit \u00e0 la limitation du traitement de vos donn\u00e9es (article 18 du RGPD)<\/li>\n<li>Le droit de vous opposer au traitement de vos donn\u00e9es (article 21 du RGPD)<\/li>\n<li>Le droit \u00e0 la portabilit\u00e9 de vos donn\u00e9es, lorsqu\u2019elles font l\u2019objet d\u2019un traitement automatis\u00e9 (article 20 du RGPD)<\/li>\n<\/ul>\n<p>Pour exercer ces droits, vous pouvez nous contacter par mail \u00e0 cette adresse&nbsp;:<\/p>\n<ul>\n<li><a href=\"mailto:contact@oummapro.com\">contact@oummapro.com<\/a><\/li>\n<\/ul>\n<p>En cas de difficult\u00e9s li\u00e9es \u00e0 la gestion de vos donn\u00e9es ou de l\u2019exercice de vos droits, vous avez \u00e9galement la possibilit\u00e9 d&#8217;introduire une r\u00e9clamation aupr\u00e8s de la CNIL : (<a href=\"https:\/\/www.cnil.fr\/fr\/plaintes)\">https:\/\/www.cnil.fr\/fr\/plaintes)<\/a>.<\/p>\n<p><\/p>\n<p><em>La pr\u00e9sente politique de confidentialit\u00e9 est susceptible d\u2019\u00eatre modifi\u00e9e \u00e0 tout moment. Si une modification est apport\u00e9e, Oumma Pro s&#8217;engage \u00e0 publier la nouvelle version sur son site internet. <\/em><\/p>\n<p><em>Date de derni\u00e8re modification\u202f: 24\/04\/2024<\/em><\/p>\n<p><\/p>\t\t\t\t\t\t\t\t<\/div>\n\t\t\t\t<\/div>\n\t\t\t\t\t<\/div>\n\t\t\t\t<\/div>\n\t\t\t\t<\/div>\n\t\t","protected":false},"excerpt":{"rendered":"<p>Politique de confidentialit\u00e9 Oumma Pro attache une importance capitale au respect de votre vie priv\u00e9e en prot\u00e9geant vos donn\u00e9es personnelles conform\u00e9ment \u00e0 la loi Informatique et Libert\u00e9 du 6 janvier 1978 modifi\u00e9e, et au R\u00e8glement G\u00e9n\u00e9ral sur la Protection des Donn\u00e9es du 27 avril 2016 (\u00ab&nbsp;RGPD&nbsp;\u00bb). Cette politique de confidentialit\u00e9 vous pr\u00e9sente les conditions dans [&hellip;]<\/p>\n","protected":false},"author":1,"featured_media":0,"parent":0,"menu_order":0,"comment_status":"closed","ping_status":"closed","template":"","meta":{"ocean_post_layout":"","ocean_both_sidebars_style":"","ocean_both_sidebars_content_width":0,"ocean_both_sidebars_sidebars_width":0,"ocean_sidebar":"","ocean_second_sidebar":"","ocean_disable_margins":"enable","ocean_add_body_class":"","ocean_shortcode_before_top_bar":"","ocean_shortcode_after_top_bar":"","ocean_shortcode_before_header":"","ocean_shortcode_after_header":"","ocean_has_shortcode":"","ocean_shortcode_after_title":"","ocean_shortcode_before_footer_widgets":"","ocean_shortcode_after_footer_widgets":"","ocean_shortcode_before_footer_bottom":"","ocean_shortcode_after_footer_bottom":"","ocean_display_top_bar":"default","ocean_display_header":"default","ocean_header_style":"","ocean_center_header_left_menu":"","ocean_custom_header_template":"","ocean_custom_logo":0,"ocean_custom_retina_logo":0,"ocean_custom_logo_max_width":0,"ocean_custom_logo_tablet_max_width":0,"ocean_custom_logo_mobile_max_width":0,"ocean_custom_logo_max_height":0,"ocean_custom_logo_tablet_max_height":0,"ocean_custom_logo_mobile_max_height":0,"ocean_header_custom_menu":"","ocean_menu_typo_font_family":"","ocean_menu_typo_font_subset":"","ocean_menu_typo_font_size":0,"ocean_menu_typo_font_size_tablet":0,"ocean_menu_typo_font_size_mobile":0,"ocean_menu_typo_font_size_unit":"px","ocean_menu_typo_font_weight":"","ocean_menu_typo_font_weight_tablet":"","ocean_menu_typo_font_weight_mobile":"","ocean_menu_typo_transform":"","ocean_menu_typo_transform_tablet":"","ocean_menu_typo_transform_mobile":"","ocean_menu_typo_line_height":0,"ocean_menu_typo_line_height_tablet":0,"ocean_menu_typo_line_height_mobile":0,"ocean_menu_typo_line_height_unit":"","ocean_menu_typo_spacing":0,"ocean_menu_typo_spacing_tablet":0,"ocean_menu_typo_spacing_mobile":0,"ocean_menu_typo_spacing_unit":"","ocean_menu_link_color":"","ocean_menu_link_color_hover":"","ocean_menu_link_color_active":"","ocean_menu_link_background":"","ocean_menu_link_hover_background":"","ocean_menu_link_active_background":"","ocean_menu_social_links_bg":"","ocean_menu_social_hover_links_bg":"","ocean_menu_social_links_color":"","ocean_menu_social_hover_links_color":"","ocean_disable_title":"default","ocean_disable_heading":"default","ocean_post_title":"","ocean_post_subheading":"","ocean_post_title_style":"","ocean_post_title_background_color":"","ocean_post_title_background":0,"ocean_post_title_bg_image_position":"","ocean_post_title_bg_image_attachment":"","ocean_post_title_bg_image_repeat":"","ocean_post_title_bg_image_size":"","ocean_post_title_height":0,"ocean_post_title_bg_overlay":0.5,"ocean_post_title_bg_overlay_color":"","ocean_disable_breadcrumbs":"default","ocean_breadcrumbs_color":"","ocean_breadcrumbs_separator_color":"","ocean_breadcrumbs_links_color":"","ocean_breadcrumbs_links_hover_color":"","ocean_display_footer_widgets":"default","ocean_display_footer_bottom":"default","ocean_custom_footer_template":"","footnotes":""},"yoast_head":"<!-- This site is optimized with the Yoast SEO plugin v22.6 - https:\/\/yoast.com\/wordpress\/plugins\/seo\/ -->\n<title>Politique de confidentialit\u00e9 - oummapro.com<\/title>\n<meta name=\"robots\" content=\"index, follow, max-snippet:-1, max-image-preview:large, max-video-preview:-1\" \/>\n<link rel=\"canonical\" href=\"https:\/\/oummapro.com\/index.php\/elementor-396\/\" \/>\n<meta property=\"og:locale\" content=\"en_US\" \/>\n<meta property=\"og:type\" content=\"article\" \/>\n<meta property=\"og:title\" content=\"Politique de confidentialit\u00e9 - oummapro.com\" \/>\n<meta property=\"og:description\" content=\"Politique de confidentialit\u00e9 Oumma Pro attache une importance capitale au respect de votre vie priv\u00e9e en prot\u00e9geant vos donn\u00e9es personnelles conform\u00e9ment \u00e0 la loi Informatique et Libert\u00e9 du 6 janvier 1978 modifi\u00e9e, et au R\u00e8glement G\u00e9n\u00e9ral sur la Protection des Donn\u00e9es du 27 avril 2016 (\u00ab&nbsp;RGPD&nbsp;\u00bb). Cette politique de confidentialit\u00e9 vous pr\u00e9sente les conditions dans [&hellip;]\" \/>\n<meta property=\"og:url\" content=\"https:\/\/oummapro.com\/index.php\/elementor-396\/\" \/>\n<meta property=\"og:site_name\" content=\"oummapro.com\" \/>\n<meta property=\"article:modified_time\" content=\"2024-04-24T08:55:05+00:00\" \/>\n<meta name=\"twitter:card\" content=\"summary_large_image\" \/>\n<meta name=\"twitter:label1\" content=\"Est. reading time\" \/>\n\t<meta name=\"twitter:data1\" content=\"4 minutes\" \/>\n<script type=\"application\/ld+json\" class=\"yoast-schema-graph\">{\"@context\":\"https:\/\/schema.org\",\"@graph\":[{\"@type\":\"WebPage\",\"@id\":\"https:\/\/oummapro.com\/index.php\/elementor-396\/\",\"url\":\"https:\/\/oummapro.com\/index.php\/elementor-396\/\",\"name\":\"Politique de confidentialit\u00e9 - oummapro.com\",\"isPartOf\":{\"@id\":\"https:\/\/oummapro.com\/#website\"},\"datePublished\":\"2024-04-24T08:35:39+00:00\",\"dateModified\":\"2024-04-24T08:55:05+00:00\",\"breadcrumb\":{\"@id\":\"https:\/\/oummapro.com\/index.php\/elementor-396\/#breadcrumb\"},\"inLanguage\":\"en-US\",\"potentialAction\":[{\"@type\":\"ReadAction\",\"target\":[\"https:\/\/oummapro.com\/index.php\/elementor-396\/\"]}]},{\"@type\":\"BreadcrumbList\",\"@id\":\"https:\/\/oummapro.com\/index.php\/elementor-396\/#breadcrumb\",\"itemListElement\":[{\"@type\":\"ListItem\",\"position\":1,\"name\":\"Accueil\",\"item\":\"https:\/\/oummapro.com\/\"},{\"@type\":\"ListItem\",\"position\":2,\"name\":\"Politique de confidentialit\u00e9\"}]},{\"@type\":\"WebSite\",\"@id\":\"https:\/\/oummapro.com\/#website\",\"url\":\"https:\/\/oummapro.com\/\",\"name\":\"oummapro.com\",\"description\":\"\u00c9clairons votre chemin professionnel\",\"publisher\":{\"@id\":\"https:\/\/oummapro.com\/#organization\"},\"potentialAction\":[{\"@type\":\"SearchAction\",\"target\":{\"@type\":\"EntryPoint\",\"urlTemplate\":\"https:\/\/oummapro.com\/?s={search_term_string}\"},\"query-input\":\"required name=search_term_string\"}],\"inLanguage\":\"en-US\"},{\"@type\":\"Organization\",\"@id\":\"https:\/\/oummapro.com\/#organization\",\"name\":\"oummapro.com\",\"url\":\"https:\/\/oummapro.com\/\",\"logo\":{\"@type\":\"ImageObject\",\"inLanguage\":\"en-US\",\"@id\":\"https:\/\/oummapro.com\/#\/schema\/logo\/image\/\",\"url\":\"https:\/\/oummapro.com\/wp-content\/uploads\/2023\/10\/cropped-OUMMA_PRO__3_-removebg-preview-1.png\",\"contentUrl\":\"https:\/\/oummapro.com\/wp-content\/uploads\/2023\/10\/cropped-OUMMA_PRO__3_-removebg-preview-1.png\",\"width\":866,\"height\":237,\"caption\":\"oummapro.com\"},\"image\":{\"@id\":\"https:\/\/oummapro.com\/#\/schema\/logo\/image\/\"}}]}<\/script>\n<!-- \/ Yoast SEO plugin. -->","yoast_head_json":{"title":"Politique de confidentialit\u00e9 - oummapro.com","robots":{"index":"index","follow":"follow","max-snippet":"max-snippet:-1","max-image-preview":"max-image-preview:large","max-video-preview":"max-video-preview:-1"},"canonical":"https:\/\/oummapro.com\/index.php\/elementor-396\/","og_locale":"en_US","og_type":"article","og_title":"Politique de confidentialit\u00e9 - oummapro.com","og_description":"Politique de confidentialit\u00e9 Oumma Pro attache une importance capitale au respect de votre vie priv\u00e9e en prot\u00e9geant vos donn\u00e9es personnelles conform\u00e9ment \u00e0 la loi Informatique et Libert\u00e9 du 6 janvier 1978 modifi\u00e9e, et au R\u00e8glement G\u00e9n\u00e9ral sur la Protection des Donn\u00e9es du 27 avril 2016 (\u00ab&nbsp;RGPD&nbsp;\u00bb). Cette politique de confidentialit\u00e9 vous pr\u00e9sente les conditions dans [&hellip;]","og_url":"https:\/\/oummapro.com\/index.php\/elementor-396\/","og_site_name":"oummapro.com","article_modified_time":"2024-04-24T08:55:05+00:00","twitter_card":"summary_large_image","twitter_misc":{"Est. reading time":"4 minutes"},"schema":{"@context":"https:\/\/schema.org","@graph":[{"@type":"WebPage","@id":"https:\/\/oummapro.com\/index.php\/elementor-396\/","url":"https:\/\/oummapro.com\/index.php\/elementor-396\/","name":"Politique de confidentialit\u00e9 - oummapro.com","isPartOf":{"@id":"https:\/\/oummapro.com\/#website"},"datePublished":"2024-04-24T08:35:39+00:00","dateModified":"2024-04-24T08:55:05+00:00","breadcrumb":{"@id":"https:\/\/oummapro.com\/index.php\/elementor-396\/#breadcrumb"},"inLanguage":"en-US","potentialAction":[{"@type":"ReadAction","target":["https:\/\/oummapro.com\/index.php\/elementor-396\/"]}]},{"@type":"BreadcrumbList","@id":"https:\/\/oummapro.com\/index.php\/elementor-396\/#breadcrumb","itemListElement":[{"@type":"ListItem","position":1,"name":"Accueil","item":"https:\/\/oummapro.com\/"},{"@type":"ListItem","position":2,"name":"Politique de confidentialit\u00e9"}]},{"@type":"WebSite","@id":"https:\/\/oummapro.com\/#website","url":"https:\/\/oummapro.com\/","name":"oummapro.com","description":"\u00c9clairons votre chemin professionnel","publisher":{"@id":"https:\/\/oummapro.com\/#organization"},"potentialAction":[{"@type":"SearchAction","target":{"@type":"EntryPoint","urlTemplate":"https:\/\/oummapro.com\/?s={search_term_string}"},"query-input":"required name=search_term_string"}],"inLanguage":"en-US"},{"@type":"Organization","@id":"https:\/\/oummapro.com\/#organization","name":"oummapro.com","url":"https:\/\/oummapro.com\/","logo":{"@type":"ImageObject","inLanguage":"en-US","@id":"https:\/\/oummapro.com\/#\/schema\/logo\/image\/","url":"https:\/\/oummapro.com\/wp-content\/uploads\/2023\/10\/cropped-OUMMA_PRO__3_-removebg-preview-1.png","contentUrl":"https:\/\/oummapro.com\/wp-content\/uploads\/2023\/10\/cropped-OUMMA_PRO__3_-removebg-preview-1.png","width":866,"height":237,"caption":"oummapro.com"},"image":{"@id":"https:\/\/oummapro.com\/#\/schema\/logo\/image\/"}}]}},"_links":{"self":[{"href":"https:\/\/oummapro.com\/index.php\/wp-json\/wp\/v2\/pages\/396"}],"collection":[{"href":"https:\/\/oummapro.com\/index.php\/wp-json\/wp\/v2\/pages"}],"about":[{"href":"https:\/\/oummapro.com\/index.php\/wp-json\/wp\/v2\/types\/page"}],"author":[{"embeddable":true,"href":"https:\/\/oummapro.com\/index.php\/wp-json\/wp\/v2\/users\/1"}],"replies":[{"embeddable":true,"href":"https:\/\/oummapro.com\/index.php\/wp-json\/wp\/v2\/comments?post=396"}],"version-history":[{"count":11,"href":"https:\/\/oummapro.com\/index.php\/wp-json\/wp\/v2\/pages\/396\/revisions"}],"predecessor-version":[{"id":433,"href":"https:\/\/oummapro.com\/index.php\/wp-json\/wp\/v2\/pages\/396\/revisions\/433"}],"wp:attachment":[{"href":"https:\/\/oummapro.com\/index.php\/wp-json\/wp\/v2\/media?parent=396"}],"curies":[{"name":"wp","href":"https:\/\/api.w.org\/{rel}","templated":true}]}}