{"id":417,"date":"2024-04-24T10:48:35","date_gmt":"2024-04-24T08:48:35","guid":{"rendered":"https:\/\/oummapro.com\/?page_id=417"},"modified":"2024-04-24T10:53:28","modified_gmt":"2024-04-24T08:53:28","slug":"mentions-legales","status":"publish","type":"page","link":"https:\/\/oummapro.com\/index.php\/mentions-legales\/","title":{"rendered":"Mentions L\u00e9gales"},"content":{"rendered":"\t\t<div data-elementor-type=\"wp-page\" data-elementor-id=\"417\" class=\"elementor elementor-417\">\n\t\t\t\t<div class=\"elementor-element elementor-element-1b50574 e-flex e-con-boxed e-con e-parent\" data-id=\"1b50574\" data-element_type=\"container\">\n\t\t\t\t\t<div class=\"e-con-inner\">\n\t\t\t\t<div class=\"elementor-element elementor-element-77bb2b3 elementor-widget elementor-widget-text-editor\" data-id=\"77bb2b3\" data-element_type=\"widget\" data-widget_type=\"text-editor.default\">\n\t\t\t\t<div class=\"elementor-widget-container\">\n\t\t\t\t\t\t\t\t\t<p>Conform\u00e9ment \u00e0 l\u2019<a href=\"https:\/\/www.legifrance.gouv.fr\/loda\/article_lc\/LEGIARTI000032236011\"><strong>article 19 de la loi de confiance dans l\u2019\u00e9conomie num\u00e9rique (LCEN)<\/strong><\/a>, voici, ci-dessous, l\u2019ensemble des mentions l\u00e9gales du site internet.<\/p><h2>Article 1\u00a0: \u00c9dition du site<\/h2><p>Le site internet <a href=\"https:\/\/www.oummapro.com\/\">https:\/\/www.oummapro.com\/<\/a> est \u00e9dit\u00e9 par Adi Avdic dont l\u2019adresse est situ\u00e9e au 27 rue du g\u00e9n\u00e9ral de Gaulle 67118 Geispolsheim.<\/p><p>L\u2019\u00e9diteur est joignable \u00e0 tout moment par e-mail :<\/p><ul><li><a href=\"mailto:contact@oummapro.com\">contact@oummapro.com<\/a><\/li><\/ul><h2>ARTICLE 5 : Responsabilit\u00e9 de l\u2019\u00c9diteur<\/h2><p>Tout dysfonctionnement du serveur ou du r\u00e9seau ne peut engager la responsabilit\u00e9 de l\u2019\u00c9diteur.<\/p><p>L\u2019\u00c9diteur d\u00e9cline toute responsabilit\u00e9 concernant les \u00e9ventuels virus pouvant infecter le mat\u00e9riel informatique de l\u2019Utilisateur apr\u00e8s l\u2019utilisation ou l\u2019acc\u00e8s au site internet.<\/p><p>De m\u00eame, la responsabilit\u00e9 de l\u2019\u00c9diteur ne peut \u00eatre engag\u00e9e en cas de force majeure ou du fait impr\u00e9visible et insurmontable d&#8217;un tiers.<\/p><p>L\u2019\u00c9diteur s&#8217;engage \u00e9galement \u00e0 mettre en \u0153uvre tous les moyens n\u00e9cessaires pour garantir la s\u00e9curit\u00e9 et la confidentialit\u00e9 des donn\u00e9es.<\/p><h2>Article 2\u00a0: H\u00e9bergeur<\/h2><p>L\u2019h\u00e9bergement du site est assur\u00e9 par la soci\u00e9t\u00e9 HOSTINGER INTERNATIONAL LTD, 61 Lordou Vironos Street, 6023 Larnaca, Chypre.<\/p><p><strong>Hostinger ne met pas \u00e0 disposition de sa client\u00e8le un support t\u00e9l\u00e9phonique<\/strong> mais reste joignable par e-mail\u00a0: <a href=\"mailto:support@hostinger.com\"><strong>support@hostinger.com<\/strong><\/a><\/p><h2>Article 3\u00a0: Responsable de publication<\/h2><p>Adi Avdic est responsable de la publication des contenus du pr\u00e9sent site internet.<\/p><h2>ARTICLE 4 : Propri\u00e9t\u00e9 intellectuelle<\/h2><p>Les contenus du site internet (logos, textes, \u00e9l\u00e9ments graphiques, vid\u00e9os, etc.) b\u00e9n\u00e9ficient d\u2019une protection au titre du droit de la propri\u00e9t\u00e9 intellectuelle et industrielle.<\/p><p>L\u2019Utilisateur devra obtenir l\u2019autorisation de l\u2019\u00c9diteur avant toute reproduction, copie ou publication de ces diff\u00e9rents contenus. Toute utilisation \u00e0 des usages commerciaux ou \u00e0 des fins publicitaires est proscrite.<\/p><h2>ARTICLE 5 : Liens hypertextes<\/h2><p>Les domaines vers lesquels m\u00e8nent les liens hypertextes pr\u00e9sents sur le site et l\u2019application n\u2019engagent pas la responsabilit\u00e9 de l\u2019\u00c9diteur, qui n\u2019a pas de contr\u00f4le sur le contenu des pages web relatif \u00e0 ces liens.<\/p><h2>Article 6\u00a0: donn\u00e9es personnelles et cookies<\/h2><p>Pour obtenir l\u2019ensemble des informations li\u00e9es \u00e0 la gestion des donn\u00e9es personnelles du site internet, consultez les pages suivantes\u00a0:<\/p><ul><li><a href=\"https:\/\/oummapro.com\/index.php\/elementor-396\/\"><strong>Politique de confidentialit\u00e9 <\/strong><\/a><\/li><li><a href=\"https:\/\/oummapro.com\/index.php\/politique-de-confidentialite-2\/\"><strong>Politique des cookies<\/strong><\/a><\/li><\/ul>\t\t\t\t\t\t\t\t<\/div>\n\t\t\t\t<\/div>\n\t\t\t\t\t<\/div>\n\t\t\t\t<\/div>\n\t\t\t\t<\/div>\n\t\t","protected":false},"excerpt":{"rendered":"<p>Conform\u00e9ment \u00e0 l\u2019article 19 de la loi de confiance dans l\u2019\u00e9conomie num\u00e9rique (LCEN), voici, ci-dessous, l\u2019ensemble des mentions l\u00e9gales du site internet. Article 1\u00a0: \u00c9dition du site Le site internet https:\/\/www.oummapro.com\/ est \u00e9dit\u00e9 par Adi Avdic dont l\u2019adresse est situ\u00e9e au 27 rue du g\u00e9n\u00e9ral de Gaulle 67118 Geispolsheim. L\u2019\u00e9diteur est joignable \u00e0 tout moment [&hellip;]<\/p>\n","protected":false},"author":1,"featured_media":0,"parent":0,"menu_order":0,"comment_status":"closed","ping_status":"closed","template":"","meta":{"ocean_post_layout":"","ocean_both_sidebars_style":"","ocean_both_sidebars_content_width":0,"ocean_both_sidebars_sidebars_width":0,"ocean_sidebar":"","ocean_second_sidebar":"","ocean_disable_margins":"enable","ocean_add_body_class":"","ocean_shortcode_before_top_bar":"","ocean_shortcode_after_top_bar":"","ocean_shortcode_before_header":"","ocean_shortcode_after_header":"","ocean_has_shortcode":"","ocean_shortcode_after_title":"","ocean_shortcode_before_footer_widgets":"","ocean_shortcode_after_footer_widgets":"","ocean_shortcode_before_footer_bottom":"","ocean_shortcode_after_footer_bottom":"","ocean_display_top_bar":"default","ocean_display_header":"default","ocean_header_style":"","ocean_center_header_left_menu":"","ocean_custom_header_template":"","ocean_custom_logo":0,"ocean_custom_retina_logo":0,"ocean_custom_logo_max_width":0,"ocean_custom_logo_tablet_max_width":0,"ocean_custom_logo_mobile_max_width":0,"ocean_custom_logo_max_height":0,"ocean_custom_logo_tablet_max_height":0,"ocean_custom_logo_mobile_max_height":0,"ocean_header_custom_menu":"","ocean_menu_typo_font_family":"","ocean_menu_typo_font_subset":"","ocean_menu_typo_font_size":0,"ocean_menu_typo_font_size_tablet":0,"ocean_menu_typo_font_size_mobile":0,"ocean_menu_typo_font_size_unit":"px","ocean_menu_typo_font_weight":"","ocean_menu_typo_font_weight_tablet":"","ocean_menu_typo_font_weight_mobile":"","ocean_menu_typo_transform":"","ocean_menu_typo_transform_tablet":"","ocean_menu_typo_transform_mobile":"","ocean_menu_typo_line_height":0,"ocean_menu_typo_line_height_tablet":0,"ocean_menu_typo_line_height_mobile":0,"ocean_menu_typo_line_height_unit":"","ocean_menu_typo_spacing":0,"ocean_menu_typo_spacing_tablet":0,"ocean_menu_typo_spacing_mobile":0,"ocean_menu_typo_spacing_unit":"","ocean_menu_link_color":"","ocean_menu_link_color_hover":"","ocean_menu_link_color_active":"","ocean_menu_link_background":"","ocean_menu_link_hover_background":"","ocean_menu_link_active_background":"","ocean_menu_social_links_bg":"","ocean_menu_social_hover_links_bg":"","ocean_menu_social_links_color":"","ocean_menu_social_hover_links_color":"","ocean_disable_title":"default","ocean_disable_heading":"default","ocean_post_title":"","ocean_post_subheading":"","ocean_post_title_style":"","ocean_post_title_background_color":"","ocean_post_title_background":0,"ocean_post_title_bg_image_position":"","ocean_post_title_bg_image_attachment":"","ocean_post_title_bg_image_repeat":"","ocean_post_title_bg_image_size":"","ocean_post_title_height":0,"ocean_post_title_bg_overlay":0.5,"ocean_post_title_bg_overlay_color":"","ocean_disable_breadcrumbs":"default","ocean_breadcrumbs_color":"","ocean_breadcrumbs_separator_color":"","ocean_breadcrumbs_links_color":"","ocean_breadcrumbs_links_hover_color":"","ocean_display_footer_widgets":"default","ocean_display_footer_bottom":"default","ocean_custom_footer_template":"","footnotes":""},"yoast_head":"<!-- This site is optimized with the Yoast SEO plugin v22.6 - https:\/\/yoast.com\/wordpress\/plugins\/seo\/ -->\n<title>Mentions L\u00e9gales - oummapro.com<\/title>\n<meta name=\"robots\" content=\"index, follow, max-snippet:-1, max-image-preview:large, max-video-preview:-1\" \/>\n<link rel=\"canonical\" href=\"https:\/\/oummapro.com\/index.php\/mentions-legales\/\" \/>\n<meta property=\"og:locale\" content=\"en_US\" \/>\n<meta property=\"og:type\" content=\"article\" \/>\n<meta property=\"og:title\" content=\"Mentions L\u00e9gales - oummapro.com\" \/>\n<meta property=\"og:description\" content=\"Conform\u00e9ment \u00e0 l\u2019article 19 de la loi de confiance dans l\u2019\u00e9conomie num\u00e9rique (LCEN), voici, ci-dessous, l\u2019ensemble des mentions l\u00e9gales du site internet. Article 1\u00a0: \u00c9dition du site Le site internet https:\/\/www.oummapro.com\/ est \u00e9dit\u00e9 par Adi Avdic dont l\u2019adresse est situ\u00e9e au 27 rue du g\u00e9n\u00e9ral de Gaulle 67118 Geispolsheim. L\u2019\u00e9diteur est joignable \u00e0 tout moment [&hellip;]\" \/>\n<meta property=\"og:url\" content=\"https:\/\/oummapro.com\/index.php\/mentions-legales\/\" \/>\n<meta property=\"og:site_name\" content=\"oummapro.com\" \/>\n<meta property=\"article:modified_time\" content=\"2024-04-24T08:53:28+00:00\" \/>\n<meta name=\"twitter:card\" content=\"summary_large_image\" \/>\n<meta name=\"twitter:label1\" content=\"Est. reading time\" \/>\n\t<meta name=\"twitter:data1\" content=\"2 minutes\" \/>\n<script type=\"application\/ld+json\" class=\"yoast-schema-graph\">{\"@context\":\"https:\/\/schema.org\",\"@graph\":[{\"@type\":\"WebPage\",\"@id\":\"https:\/\/oummapro.com\/index.php\/mentions-legales\/\",\"url\":\"https:\/\/oummapro.com\/index.php\/mentions-legales\/\",\"name\":\"Mentions L\u00e9gales - oummapro.com\",\"isPartOf\":{\"@id\":\"https:\/\/oummapro.com\/#website\"},\"datePublished\":\"2024-04-24T08:48:35+00:00\",\"dateModified\":\"2024-04-24T08:53:28+00:00\",\"breadcrumb\":{\"@id\":\"https:\/\/oummapro.com\/index.php\/mentions-legales\/#breadcrumb\"},\"inLanguage\":\"en-US\",\"potentialAction\":[{\"@type\":\"ReadAction\",\"target\":[\"https:\/\/oummapro.com\/index.php\/mentions-legales\/\"]}]},{\"@type\":\"BreadcrumbList\",\"@id\":\"https:\/\/oummapro.com\/index.php\/mentions-legales\/#breadcrumb\",\"itemListElement\":[{\"@type\":\"ListItem\",\"position\":1,\"name\":\"Accueil\",\"item\":\"https:\/\/oummapro.com\/\"},{\"@type\":\"ListItem\",\"position\":2,\"name\":\"Mentions L\u00e9gales\"}]},{\"@type\":\"WebSite\",\"@id\":\"https:\/\/oummapro.com\/#website\",\"url\":\"https:\/\/oummapro.com\/\",\"name\":\"oummapro.com\",\"description\":\"\u00c9clairons votre chemin professionnel\",\"publisher\":{\"@id\":\"https:\/\/oummapro.com\/#organization\"},\"potentialAction\":[{\"@type\":\"SearchAction\",\"target\":{\"@type\":\"EntryPoint\",\"urlTemplate\":\"https:\/\/oummapro.com\/?s={search_term_string}\"},\"query-input\":\"required name=search_term_string\"}],\"inLanguage\":\"en-US\"},{\"@type\":\"Organization\",\"@id\":\"https:\/\/oummapro.com\/#organization\",\"name\":\"oummapro.com\",\"url\":\"https:\/\/oummapro.com\/\",\"logo\":{\"@type\":\"ImageObject\",\"inLanguage\":\"en-US\",\"@id\":\"https:\/\/oummapro.com\/#\/schema\/logo\/image\/\",\"url\":\"https:\/\/oummapro.com\/wp-content\/uploads\/2023\/10\/cropped-OUMMA_PRO__3_-removebg-preview-1.png\",\"contentUrl\":\"https:\/\/oummapro.com\/wp-content\/uploads\/2023\/10\/cropped-OUMMA_PRO__3_-removebg-preview-1.png\",\"width\":866,\"height\":237,\"caption\":\"oummapro.com\"},\"image\":{\"@id\":\"https:\/\/oummapro.com\/#\/schema\/logo\/image\/\"}}]}<\/script>\n<!-- \/ Yoast SEO plugin. -->","yoast_head_json":{"title":"Mentions L\u00e9gales - oummapro.com","robots":{"index":"index","follow":"follow","max-snippet":"max-snippet:-1","max-image-preview":"max-image-preview:large","max-video-preview":"max-video-preview:-1"},"canonical":"https:\/\/oummapro.com\/index.php\/mentions-legales\/","og_locale":"en_US","og_type":"article","og_title":"Mentions L\u00e9gales - oummapro.com","og_description":"Conform\u00e9ment \u00e0 l\u2019article 19 de la loi de confiance dans l\u2019\u00e9conomie num\u00e9rique (LCEN), voici, ci-dessous, l\u2019ensemble des mentions l\u00e9gales du site internet. Article 1\u00a0: \u00c9dition du site Le site internet https:\/\/www.oummapro.com\/ est \u00e9dit\u00e9 par Adi Avdic dont l\u2019adresse est situ\u00e9e au 27 rue du g\u00e9n\u00e9ral de Gaulle 67118 Geispolsheim. L\u2019\u00e9diteur est joignable \u00e0 tout moment [&hellip;]","og_url":"https:\/\/oummapro.com\/index.php\/mentions-legales\/","og_site_name":"oummapro.com","article_modified_time":"2024-04-24T08:53:28+00:00","twitter_card":"summary_large_image","twitter_misc":{"Est. reading time":"2 minutes"},"schema":{"@context":"https:\/\/schema.org","@graph":[{"@type":"WebPage","@id":"https:\/\/oummapro.com\/index.php\/mentions-legales\/","url":"https:\/\/oummapro.com\/index.php\/mentions-legales\/","name":"Mentions L\u00e9gales - oummapro.com","isPartOf":{"@id":"https:\/\/oummapro.com\/#website"},"datePublished":"2024-04-24T08:48:35+00:00","dateModified":"2024-04-24T08:53:28+00:00","breadcrumb":{"@id":"https:\/\/oummapro.com\/index.php\/mentions-legales\/#breadcrumb"},"inLanguage":"en-US","potentialAction":[{"@type":"ReadAction","target":["https:\/\/oummapro.com\/index.php\/mentions-legales\/"]}]},{"@type":"BreadcrumbList","@id":"https:\/\/oummapro.com\/index.php\/mentions-legales\/#breadcrumb","itemListElement":[{"@type":"ListItem","position":1,"name":"Accueil","item":"https:\/\/oummapro.com\/"},{"@type":"ListItem","position":2,"name":"Mentions L\u00e9gales"}]},{"@type":"WebSite","@id":"https:\/\/oummapro.com\/#website","url":"https:\/\/oummapro.com\/","name":"oummapro.com","description":"\u00c9clairons votre chemin professionnel","publisher":{"@id":"https:\/\/oummapro.com\/#organization"},"potentialAction":[{"@type":"SearchAction","target":{"@type":"EntryPoint","urlTemplate":"https:\/\/oummapro.com\/?s={search_term_string}"},"query-input":"required name=search_term_string"}],"inLanguage":"en-US"},{"@type":"Organization","@id":"https:\/\/oummapro.com\/#organization","name":"oummapro.com","url":"https:\/\/oummapro.com\/","logo":{"@type":"ImageObject","inLanguage":"en-US","@id":"https:\/\/oummapro.com\/#\/schema\/logo\/image\/","url":"https:\/\/oummapro.com\/wp-content\/uploads\/2023\/10\/cropped-OUMMA_PRO__3_-removebg-preview-1.png","contentUrl":"https:\/\/oummapro.com\/wp-content\/uploads\/2023\/10\/cropped-OUMMA_PRO__3_-removebg-preview-1.png","width":866,"height":237,"caption":"oummapro.com"},"image":{"@id":"https:\/\/oummapro.com\/#\/schema\/logo\/image\/"}}]}},"_links":{"self":[{"href":"https:\/\/oummapro.com\/index.php\/wp-json\/wp\/v2\/pages\/417"}],"collection":[{"href":"https:\/\/oummapro.com\/index.php\/wp-json\/wp\/v2\/pages"}],"about":[{"href":"https:\/\/oummapro.com\/index.php\/wp-json\/wp\/v2\/types\/page"}],"author":[{"embeddable":true,"href":"https:\/\/oummapro.com\/index.php\/wp-json\/wp\/v2\/users\/1"}],"replies":[{"embeddable":true,"href":"https:\/\/oummapro.com\/index.php\/wp-json\/wp\/v2\/comments?post=417"}],"version-history":[{"count":5,"href":"https:\/\/oummapro.com\/index.php\/wp-json\/wp\/v2\/pages\/417\/revisions"}],"predecessor-version":[{"id":426,"href":"https:\/\/oummapro.com\/index.php\/wp-json\/wp\/v2\/pages\/417\/revisions\/426"}],"wp:attachment":[{"href":"https:\/\/oummapro.com\/index.php\/wp-json\/wp\/v2\/media?parent=417"}],"curies":[{"name":"wp","href":"https:\/\/api.w.org\/{rel}","templated":true}]}}